{"id":7017,"date":"2020-03-07T16:02:57","date_gmt":"2020-03-07T15:02:57","guid":{"rendered":"https:\/\/www.economia-del-bene-comune.it\/organisation\/"},"modified":"2020-03-07T16:24:51","modified_gmt":"2020-03-07T15:24:51","slug":"organisation","status":"publish","type":"page","link":"https:\/\/www.economia-del-bene-comune.it\/de\/organisation\/","title":{"rendered":"Organisation"},"content":{"rendered":"<p>[et_pb_section fb_built=&#8221;1&#8243; _builder_version=&#8221;4.1&#8243; border_color_all=&#8221;rgba(0,0,0,0)&#8221; collapsed=&#8221;off&#8221;][et_pb_row admin_label=&#8221;IL BILANCIO&#8221; _builder_version=&#8221;4.1&#8243; use_background_color_gradient=&#8221;on&#8221; background_image=&#8221;https:\/\/networld.gwoe.ch\/wp-content\/uploads\/2020\/02\/economida-del-bene-comune_Soffione.jpg&#8221; min_height=&#8221;10px&#8221; custom_margin=&#8221;|79px||48px||&#8221; custom_padding=&#8221;|279px||||&#8221;][et_pb_column type=&#8221;4_4&#8243; _builder_version=&#8221;4.1&#8243;][et_pb_text _builder_version=&#8221;4.1&#8243; custom_margin=&#8221;|-234px||||&#8221;]Die Organisation[\/et_pb_text][\/et_pb_column][\/et_pb_row][\/et_pb_section][et_pb_section fb_built=&#8221;1&#8243; _builder_version=&#8221;4.1&#8243; background_enable_image=&#8221;off&#8221; collapsed=&#8221;off&#8221;][et_pb_row column_structure=&#8221;1_2,1_2&#8243; admin_label=&#8221;IL BILANCIO&#8221; _builder_version=&#8221;4.1&#8243; background_color=&#8221;rgba(0,0,0,0)&#8221; background_enable_image=&#8221;off&#8221; min_height=&#8221;10px&#8221; custom_margin=&#8221;|79px||48px||&#8221; custom_padding=&#8221;|279px||||&#8221;][et_pb_column type=&#8221;1_2&#8243; _builder_version=&#8221;4.1&#8243;][\/et_pb_column][et_pb_column type=&#8221;1_2&#8243; _builder_version=&#8221;4.1&#8243;][et_pb_text _builder_version=&#8221;4.1&#8243; text_text_color=&#8221;#009da5&#8243; text_font_size=&#8221;20px&#8221; background_enable_image=&#8221;off&#8221; custom_margin=&#8221;|-234px||||&#8221;]<strong><em>&#8220;Unser gegenw\u00e4rtiges Wirtschaftssystem &#8216;arbeitet auf dem Kopf gestellt&#8217;. Geld ist zum Selbstzweck geworden und nicht mehr ein Mittel f\u00fcr das, was wirklich z\u00e4hlt: ein gutes Leben f\u00fcr alle&#8221;.<\/em><\/strong><\/p>\n<p>[Christian Felber, Mitbegr\u00fcnder der GW\u00d6][\/et_pb_text][\/et_pb_column][\/et_pb_row][\/et_pb_section][et_pb_section fb_built=&#8221;1&#8243; _builder_version=&#8221;4.1&#8243;][et_pb_row column_structure=&#8221;1_2,1_2&#8243; _builder_version=&#8221;4.1&#8243;][et_pb_column type=&#8221;1_2&#8243; _builder_version=&#8221;4.1&#8243;][et_pb_text _builder_version=&#8221;4.1&#8243; locked=&#8221;off&#8221;]<\/p>\n<h2>Die Organisation der GW\u00d6<\/h2>\n<p>Die GW\u00d6 steht auf zwei Beinen:<\/p>\n<p><strong>Die Bewegung<\/strong>, die sich aus B\u00fcrger*innen, Unternehmen, Berater*innen und Auditor*innen zusammensetzt, die sich in den verschiedenen Regional-Gruppen engagieren und dort aktiv zur Entwicklung der Bewegung beitragen<br \/>\nDie <strong>rechtlichen Strukturen (Vereine)<\/strong> auf nationaler und internationaler Ebene erm\u00f6glichen die Anerkennung, das Handeln und die formelle Interaktion mit der Au\u00dfenwelt.[\/et_pb_text][\/et_pb_column][et_pb_column type=&#8221;1_2&#8243; _builder_version=&#8221;4.1&#8243;][et_pb_image src=&#8221;https:\/\/www.economia-del-bene-comune.it\/wp-content\/uploads\/2020\/03\/MappaMovimentoEBC.jpg&#8221; _builder_version=&#8221;4.1&#8243;][\/et_pb_image][\/et_pb_column][\/et_pb_row][et_pb_row column_structure=&#8221;1_2,1_2&#8243; _builder_version=&#8221;4.1&#8243;][et_pb_column type=&#8221;1_2&#8243; _builder_version=&#8221;4.1&#8243;][et_pb_text _builder_version=&#8221;4.1&#8243; locked=&#8221;off&#8221;]<\/p>\n<h2>Die Regionalgruppen<\/h2>\n<p>Die Regionalgruppen (&#8220;RG&#8221;) repr\u00e4sentieren die GW\u00d6-Bewegung auf lokaler Ebene. Es handelt sich um informelle Gruppen, die sich aus B\u00fcrgern, Unternehmen und lokalen Beh\u00f6rden des Gemeinwohls und GW\u00d6-Beratern aus demselben Gebiet zusammensetzen, die sich zum Austausch bew\u00e4hrter Praktiken treffen. Die RG tragen zur Entwicklung der Bewegung bei, indem sie das Gemenwohl-Modell auf dem Territorium durch informative Momente f\u00f6rdern und neuen Unternehmen und lokalen Beh\u00f6rden das Budget des Gemeinwohls vorschlagen].[\/et_pb_text][\/et_pb_column][et_pb_column type=&#8221;1_2&#8243; _builder_version=&#8221;4.1&#8243;][et_pb_image src=&#8221;https:\/\/www.economia-del-bene-comune.it\/wp-content\/uploads\/2020\/03\/MappaMovimentoEBC.jpg&#8221; _builder_version=&#8221;4.1&#8243;][\/et_pb_image][\/et_pb_column][\/et_pb_row][et_pb_row column_structure=&#8221;1_2,1_2&#8243; _builder_version=&#8221;4.1&#8243;][et_pb_column type=&#8221;1_2&#8243; _builder_version=&#8221;4.1&#8243;][et_pb_text _builder_version=&#8221;4.1&#8243; locked=&#8221;off&#8221;]<\/p>\n<h2>Der Dachverein f\u00fcr die Gemeinwohl-\u00d6konomie in Italien<\/h2>\n<p>Der Dachverein f\u00fcr die Gemeinwohl-\u00d6konomie in Italien (fEBC-IT) ist die rechtliche Struktur der italienischen EBC-Bewegung. Wir sind ein Verein zur sozialen F\u00f6rderung mit Sitz in Brixen\/Bressanone und eingetragen bei der Provinz Bozen. Unser Vorstand besteht aus:<\/p>\n<ul>\n<li>Lidia Di Vece (Pr\u00e4sidentin)<\/li>\n<li>Marta Avesani (Vize-Pr\u00e4sidentin)<\/li>\n<li>Stella Catto (Vize-Pr\u00e4sidentin)<\/li>\n<li>Graziano Tolve (Schriftf\u00fchrer)<\/li>\n<li>Johanna Don\u00e0 (Kassier)<\/li>\n<li>Francesco Caccamo (Vorstandsmitglied)<\/li>\n<li>Bernhard Oberrauch (Vorstandsmitglied)<\/li>\n<\/ul>\n<p>Hier k\u00f6nnen das\u00a0 <a href=\"https:\/\/www.economia-del-bene-comune.it\/wp-content\/uploads\/2020\/03\/Statuto-EBC-in-vigore-dal-31-marzo-2017.pdf\" target=\"_blank\" rel=\"noopener noreferrer\">Statut<\/a> und die letzte Bilanz herunter geladen werden.[\/et_pb_text][\/et_pb_column][et_pb_column type=&#8221;1_2&#8243; _builder_version=&#8221;4.1&#8243;][et_pb_text _builder_version=&#8221;4.1&#8243; locked=&#8221;off&#8221;]<\/p>\n<h2>Der Internationale GW\u00d6-Verband<\/h2>\n<p>Im September 2018 wurde die erste internationale Rechtsstruktur der GW\u00d6-Bewegung gegr\u00fcndet: der Internationale GW\u00d6-Verband. Bis heute hat er 9 nationale Vereine vereint: \u00d6sterreich, Chile, Deutschland, Italien, die Niederlande, Gro\u00dfbritannien, Spanien, Schweden und die Schweiz.[\/et_pb_text][\/et_pb_column][\/et_pb_row][et_pb_row column_structure=&#8221;1_2,1_2&#8243; _builder_version=&#8221;4.1&#8243;][et_pb_column type=&#8221;1_2&#8243; _builder_version=&#8221;4.1&#8243;][et_pb_text _builder_version=&#8221;4.1&#8243; locked=&#8221;off&#8221;]<\/p>\n<h2>Die internationale Bewegung<\/h2>\n<p>Die internationale GW\u00d6-Bewegung setzt sich aus Regional-Gruppen aus der ganzen Welt und Akteur*innen-Kreisen (Hubs) zusammen, die sich international f\u00fcr die Entwicklung der Bewegung einsetzen. Jedes Jahr treffen sich die Vertreter der Regional-Gruppen und Hubs in der Internationalen Delegiertenversammlung (IDA), um bew\u00e4hrte Praktiken auszutauschen und demokratische Entscheidungen \u00fcber die Entwicklung der Bewegung zu treffen.[\/et_pb_text][et_pb_text _builder_version=&#8221;4.1&#8243; locked=&#8221;off&#8221;]<\/p>\n<h2>Wie treffen wir Entscheidungen?<\/h2>\n<p>Im Einklang mit dem Grundwert der Transparenz und der demokratischen Beteiligung versuchen die EBC-Bewegung und die rechtlichen Strukturen, einvernehmliche Entscheidungen zu treffen, und zwar durch Dialog in Kreisen, der auf empathischer Kommunikation und Abstimmung durch systemischen Konsens beruht. Der systemische Konsens hilft der Gruppe von Entscheidungstr\u00e4gern, sich nicht so sehr auf eine Pr\u00e4ferenz zu konzentrieren, sondern auf die Alternativen mit dem geringsten Widerstand f\u00fcr die gr\u00f6\u00dfte Anzahl von Entscheidungstr\u00e4gern.[\/et_pb_text][\/et_pb_column][et_pb_column type=&#8221;1_2&#8243; _builder_version=&#8221;4.1&#8243;][et_pb_text _builder_version=&#8221;4.1&#8243; locked=&#8221;off&#8221;]<\/p>\n<h2>Internationales Matrix-Entwicklungsteam<\/h2>\n<p>Der bekannteste und historischste der internationalen Akteur*innen-Kreise (&#8220;Hub&#8221;) ist das Matrix-Entwicklungsteam, das f\u00fcr die Entwicklung der Gemeinwohl-Matrix und deren kontinuierliche Aktualisierung verantwortlich ist. Jedes Gemeinwohl-Matrix-Thema wird von einem Redakteur bearbeitet, der \u00fcber spezifische Fachkenntnisse auf diesem Gebiet verf\u00fcgt. Das Team arbeitet eng mit den Akteur*innen-Kreisen der Berater, Auditoren, Unternehmen und Regionalgruppen zusammen, um R\u00fcckmeldungen im Hinblick auf eine kontinuierliche Verbesserung zu erhalten und Aktualisierungen der Gemeinwohl-Matrix und des Handbuchs zu verbreiten.[\/et_pb_text][et_pb_gallery gallery_ids=&#8221;6857&#8243; posts_number=&#8221;1&#8243; show_title_and_caption=&#8221;off&#8221; show_pagination=&#8221;off&#8221; _builder_version=&#8221;4.1&#8243;][\/et_pb_gallery][\/et_pb_column][\/et_pb_row][et_pb_row column_structure=&#8221;1_2,1_2&#8243; _builder_version=&#8221;4.1&#8243;][et_pb_column type=&#8221;1_2&#8243; _builder_version=&#8221;4.1&#8243;][et_pb_text _builder_version=&#8221;4.1&#8243; locked=&#8221;off&#8221;]<\/p>\n<h2>Professionelle T\u00e4tigkeiten<\/h2>\n<p>Bis heute sind sowohl die Bewegung als auch die rechtlichen Strukturen der GW\u00d6 f\u00fcr die Entwicklung und F\u00f6rderung des Gemeinwohl-Modells sowie f\u00fcr seine interne und externe Organisation verantwortlich. Die kommerzielle\/professionelle T\u00e4tigkeit wird delegiert:<\/p>\n<p>GW\u00d6-Berater, f\u00fcr das, was die T\u00e4tigkeit der Begleitung von Organisationen bei der Erstellung der Bilanz des Gemeinwohls und die Erleichterung des Verifizierungsprozesses auf der Grundlage der &#8220;Gruppenbewertung&#8221; betrifft.<br \/>\nGW\u00d6-Auditoren, f\u00fcr die externe \u00dcberpr\u00fcfung des Gemeinwohl-Bilanz auf der Grundlage des Handbuchs.[\/et_pb_text][\/et_pb_column][et_pb_column type=&#8221;1_2&#8243; _builder_version=&#8221;4.1&#8243;][et_pb_divider show_divider=&#8221;off&#8221; _builder_version=&#8221;4.1&#8243;][\/et_pb_divider][et_pb_divider show_divider=&#8221;off&#8221; _builder_version=&#8221;4.1&#8243;][\/et_pb_divider][et_pb_button button_text=&#8221;GW\u00d6-Berater in Italien&#8221; _builder_version=&#8221;4.1&#8243;][\/et_pb_button][et_pb_button button_text=&#8221;GW\u00d6-Auditoren in Italien&#8221; _builder_version=&#8221;4.1&#8243;][\/et_pb_button][\/et_pb_column][\/et_pb_row][\/et_pb_section][et_pb_section fb_built=&#8221;1&#8243; _builder_version=&#8221;4.1&#8243;][\/et_pb_section]<\/p>\n","protected":false},"excerpt":{"rendered":"<p>[et_pb_section fb_built=&#8221;1&#8243; _builder_version=&#8221;4.1&#8243; border_color_all=&#8221;rgba(0,0,0,0)&#8221; collapsed=&#8221;off&#8221;][et_pb_row admin_label=&#8221;IL BILANCIO&#8221; _builder_version=&#8221;4.1&#8243; use_background_color_gradient=&#8221;on&#8221; background_image=&#8221;https:\/\/networld.gwoe.ch\/wp-content\/uploads\/2020\/02\/economida-del-bene-comune_Soffione.jpg&#8221; min_height=&#8221;10px&#8221; custom_margin=&#8221;|79px||48px||&#8221; custom_padding=&#8221;|279px||||&#8221;][et_pb_column type=&#8221;4_4&#8243; _builder_version=&#8221;4.1&#8243;][et_pb_text _builder_version=&#8221;4.1&#8243; custom_margin=&#8221;|-234px||||&#8221;]Die Organisation[\/et_pb_text][\/et_pb_column][\/et_pb_row][\/et_pb_section][et_pb_section fb_built=&#8221;1&#8243; _builder_version=&#8221;4.1&#8243; background_enable_image=&#8221;off&#8221; collapsed=&#8221;off&#8221;][et_pb_row column_structure=&#8221;1_2,1_2&#8243; admin_label=&#8221;IL BILANCIO&#8221; _builder_version=&#8221;4.1&#8243; background_color=&#8221;rgba(0,0,0,0)&#8221; background_enable_image=&#8221;off&#8221; min_height=&#8221;10px&#8221; custom_margin=&#8221;|79px||48px||&#8221; [&hellip;]<\/p>\n","protected":false},"author":17,"featured_media":0,"parent":0,"menu_order":0,"comment_status":"closed","ping_status":"closed","template":"","meta":{"_et_pb_use_builder":"on","_et_pb_old_content":"","_et_gb_content_width":"","_mi_skip_tracking":false,"_monsterinsights_sitenote_active":false,"_monsterinsights_sitenote_note":"","_monsterinsights_sitenote_category":0,"footnotes":""},"class_list":["post-7017","page","type-page","status-publish","hentry"],"_links":{"self":[{"href":"https:\/\/www.economia-del-bene-comune.it\/de\/wp-json\/wp\/v2\/pages\/7017","targetHints":{"allow":["GET"]}}],"collection":[{"href":"https:\/\/www.economia-del-bene-comune.it\/de\/wp-json\/wp\/v2\/pages"}],"about":[{"href":"https:\/\/www.economia-del-bene-comune.it\/de\/wp-json\/wp\/v2\/types\/page"}],"author":[{"embeddable":true,"href":"https:\/\/www.economia-del-bene-comune.it\/de\/wp-json\/wp\/v2\/users\/17"}],"replies":[{"embeddable":true,"href":"https:\/\/www.economia-del-bene-comune.it\/de\/wp-json\/wp\/v2\/comments?post=7017"}],"version-history":[{"count":5,"href":"https:\/\/www.economia-del-bene-comune.it\/de\/wp-json\/wp\/v2\/pages\/7017\/revisions"}],"predecessor-version":[{"id":7022,"href":"https:\/\/www.economia-del-bene-comune.it\/de\/wp-json\/wp\/v2\/pages\/7017\/revisions\/7022"}],"wp:attachment":[{"href":"https:\/\/www.economia-del-bene-comune.it\/de\/wp-json\/wp\/v2\/media?parent=7017"}],"curies":[{"name":"wp","href":"https:\/\/api.w.org\/{rel}","templated":true}]}}

<p>[et_pb_section fb_built=&#8221;1&#8243; _builder_version=&#8221;4.1&#8243; border_color_all=&#8221;rgba(0,0,0,0)&#8221; collapsed=&#8221;off&#8221;][et_pb_row admin_label=&#8221;IL BILANCIO&#8221; _builder_version=&#8221;4.1&#8243; use_background_color_gradient=&#8221;on&#8221; background_image=&#8221;https://networld.gwoe.ch/wp-content/uploads/2020/02/economida-del-bene-comune_Soffione.jpg&#8221; min_height=&#8221;10px&#8221; custom_margin=&#8221;|79px||48px||&#8221; custom_padding=&#8221;|279px||||&#8221;][et_pb_column type=&#8221;4_4&#8243; _builder_version=&#8221;4.1&#8243;][et_pb_text _builder_version=&#8221;4.1&#8243; custom_margin=&#8221;|-234px||||&#8221;]Die Organisation[/et_pb_text][/et_pb_column][/et_pb_row][/et_pb_section][et_pb_section fb_built=&#8221;1&#8243; _builder_version=&#8221;4.1&#8243; background_enable_image=&#8221;off&#8221; collapsed=&#8221;off&#8221;][et_pb_row column_structure=&#8221;1_2,1_2&#8243; admin_label=&#8221;IL BILANCIO&#8221; _builder_version=&#8221;4.1&#8243; background_color=&#8221;rgba(0,0,0,0)&#8221; background_enable_image=&#8221;off&#8221; min_height=&#8221;10px&#8221; custom_margin=&#8221;|79px||48px||&#8221; custom_padding=&#8221;|279px||||&#8221;][et_pb_column type=&#8221;1_2&#8243; _builder_version=&#8221;4.1&#8243;][/et_pb_column][et_pb_column type=&#8221;1_2&#8243; _builder_version=&#8221;4.1&#8243;][et_pb_text _builder_version=&#8221;4.1&#8243; text_text_color=&#8221;#009da5&#8243; text_font_size=&#8221;20px&#8221; background_enable_image=&#8221;off&#8221; custom_margin=&#8221;|-234px||||&#8221;]<strong><em>&#8220;Unser gegenwärtiges Wirtschaftssystem &#8216;arbeitet auf dem Kopf gestellt&#8217;. Geld ist zum Selbstzweck geworden und nicht mehr ein Mittel für das, was wirklich zählt: ein gutes Leben für alle&#8221;.</em></strong></p>
<p>[Christian Felber, Mitbegründer der GWÖ][/et_pb_text][/et_pb_column][/et_pb_row][/et_pb_section][et_pb_section fb_built=&#8221;1&#8243; _builder_version=&#8221;4.1&#8243;][et_pb_row column_structure=&#8221;1_2,1_2&#8243; _builder_version=&#8221;4.1&#8243;][et_pb_column type=&#8221;1_2&#8243; _builder_version=&#8221;4.1&#8243;][et_pb_text _builder_version=&#8221;4.1&#8243; locked=&#8221;off&#8221;]</p>
<h2>Die Organisation der GWÖ</h2>
<p>Die GWÖ steht auf zwei Beinen:</p>
<p><strong>Die Bewegung</strong>, die sich aus Bürger*innen, Unternehmen, Berater*innen und Auditor*innen zusammensetzt, die sich in den verschiedenen Regional-Gruppen engagieren und dort aktiv zur Entwicklung der Bewegung beitragen<br />
Die <strong>rechtlichen Strukturen (Vereine)</strong> auf nationaler und internationaler Ebene ermöglichen die Anerkennung, das Handeln und die formelle Interaktion mit der Außenwelt.[/et_pb_text][/et_pb_column][et_pb_column type=&#8221;1_2&#8243; _builder_version=&#8221;4.1&#8243;][et_pb_image src=&#8221;https://www.economia-del-bene-comune.it/wp-content/uploads/2020/03/MappaMovimentoEBC.jpg&#8221; _builder_version=&#8221;4.1&#8243;][/et_pb_image][/et_pb_column][/et_pb_row][et_pb_row column_structure=&#8221;1_2,1_2&#8243; _builder_version=&#8221;4.1&#8243;][et_pb_column type=&#8221;1_2&#8243; _builder_version=&#8221;4.1&#8243;][et_pb_text _builder_version=&#8221;4.1&#8243; locked=&#8221;off&#8221;]</p>
<h2>Die Regionalgruppen</h2>
<p>Die Regionalgruppen (&#8220;RG&#8221;) repräsentieren die GWÖ-Bewegung auf lokaler Ebene. Es handelt sich um informelle Gruppen, die sich aus Bürgern, Unternehmen und lokalen Behörden des Gemeinwohls und GWÖ-Beratern aus demselben Gebiet zusammensetzen, die sich zum Austausch bewährter Praktiken treffen. Die RG tragen zur Entwicklung der Bewegung bei, indem sie das Gemenwohl-Modell auf dem Territorium durch informative Momente fördern und neuen Unternehmen und lokalen Behörden das Budget des Gemeinwohls vorschlagen].[/et_pb_text][/et_pb_column][et_pb_column type=&#8221;1_2&#8243; _builder_version=&#8221;4.1&#8243;][et_pb_image src=&#8221;https://www.economia-del-bene-comune.it/wp-content/uploads/2020/03/MappaMovimentoEBC.jpg&#8221; _builder_version=&#8221;4.1&#8243;][/et_pb_image][/et_pb_column][/et_pb_row][et_pb_row column_structure=&#8221;1_2,1_2&#8243; _builder_version=&#8221;4.1&#8243;][et_pb_column type=&#8221;1_2&#8243; _builder_version=&#8221;4.1&#8243;][et_pb_text _builder_version=&#8221;4.1&#8243; locked=&#8221;off&#8221;]</p>
<h2>Der Dachverein für die Gemeinwohl-Ökonomie in Italien</h2>
<p>Der Dachverein für die Gemeinwohl-Ökonomie in Italien (fEBC-IT) ist die rechtliche Struktur der italienischen EBC-Bewegung. Wir sind ein Verein zur sozialen Förderung mit Sitz in Brixen/Bressanone und eingetragen bei der Provinz Bozen. Unser Vorstand besteht aus:</p>
<ul>
<li>Lidia Di Vece (Präsidentin)</li>
<li>Marta Avesani (Vize-Präsidentin)</li>
<li>Stella Catto (Vize-Präsidentin)</li>
<li>Graziano Tolve (Schriftführer)</li>
<li>Johanna Donà (Kassier)</li>
<li>Francesco Caccamo (Vorstandsmitglied)</li>
<li>Bernhard Oberrauch (Vorstandsmitglied)</li>
</ul>
<p>Hier können das  <a href="https://www.economia-del-bene-comune.it/wp-content/uploads/2020/03/Statuto-EBC-in-vigore-dal-31-marzo-2017.pdf" target="_blank" rel="noopener noreferrer">Statut</a> und die letzte Bilanz herunter geladen werden.[/et_pb_text][/et_pb_column][et_pb_column type=&#8221;1_2&#8243; _builder_version=&#8221;4.1&#8243;][et_pb_text _builder_version=&#8221;4.1&#8243; locked=&#8221;off&#8221;]</p>
<h2>Der Internationale GWÖ-Verband</h2>
<p>Im September 2018 wurde die erste internationale Rechtsstruktur der GWÖ-Bewegung gegründet: der Internationale GWÖ-Verband. Bis heute hat er 9 nationale Vereine vereint: Österreich, Chile, Deutschland, Italien, die Niederlande, Großbritannien, Spanien, Schweden und die Schweiz.[/et_pb_text][/et_pb_column][/et_pb_row][et_pb_row column_structure=&#8221;1_2,1_2&#8243; _builder_version=&#8221;4.1&#8243;][et_pb_column type=&#8221;1_2&#8243; _builder_version=&#8221;4.1&#8243;][et_pb_text _builder_version=&#8221;4.1&#8243; locked=&#8221;off&#8221;]</p>
<h2>Die internationale Bewegung</h2>
<p>Die internationale GWÖ-Bewegung setzt sich aus Regional-Gruppen aus der ganzen Welt und Akteur*innen-Kreisen (Hubs) zusammen, die sich international für die Entwicklung der Bewegung einsetzen. Jedes Jahr treffen sich die Vertreter der Regional-Gruppen und Hubs in der Internationalen Delegiertenversammlung (IDA), um bewährte Praktiken auszutauschen und demokratische Entscheidungen über die Entwicklung der Bewegung zu treffen.[/et_pb_text][et_pb_text _builder_version=&#8221;4.1&#8243; locked=&#8221;off&#8221;]</p>
<h2>Wie treffen wir Entscheidungen?</h2>
<p>Im Einklang mit dem Grundwert der Transparenz und der demokratischen Beteiligung versuchen die EBC-Bewegung und die rechtlichen Strukturen, einvernehmliche Entscheidungen zu treffen, und zwar durch Dialog in Kreisen, der auf empathischer Kommunikation und Abstimmung durch systemischen Konsens beruht. Der systemische Konsens hilft der Gruppe von Entscheidungsträgern, sich nicht so sehr auf eine Präferenz zu konzentrieren, sondern auf die Alternativen mit dem geringsten Widerstand für die größte Anzahl von Entscheidungsträgern.[/et_pb_text][/et_pb_column][et_pb_column type=&#8221;1_2&#8243; _builder_version=&#8221;4.1&#8243;][et_pb_text _builder_version=&#8221;4.1&#8243; locked=&#8221;off&#8221;]</p>
<h2>Internationales Matrix-Entwicklungsteam</h2>
<p>Der bekannteste und historischste der internationalen Akteur*innen-Kreise (&#8220;Hub&#8221;) ist das Matrix-Entwicklungsteam, das für die Entwicklung der Gemeinwohl-Matrix und deren kontinuierliche Aktualisierung verantwortlich ist. Jedes Gemeinwohl-Matrix-Thema wird von einem Redakteur bearbeitet, der über spezifische Fachkenntnisse auf diesem Gebiet verfügt. Das Team arbeitet eng mit den Akteur*innen-Kreisen der Berater, Auditoren, Unternehmen und Regionalgruppen zusammen, um Rückmeldungen im Hinblick auf eine kontinuierliche Verbesserung zu erhalten und Aktualisierungen der Gemeinwohl-Matrix und des Handbuchs zu verbreiten.[/et_pb_text][et_pb_gallery gallery_ids=&#8221;6857&#8243; posts_number=&#8221;1&#8243; show_title_and_caption=&#8221;off&#8221; show_pagination=&#8221;off&#8221; _builder_version=&#8221;4.1&#8243;][/et_pb_gallery][/et_pb_column][/et_pb_row][et_pb_row column_structure=&#8221;1_2,1_2&#8243; _builder_version=&#8221;4.1&#8243;][et_pb_column type=&#8221;1_2&#8243; _builder_version=&#8221;4.1&#8243;][et_pb_text _builder_version=&#8221;4.1&#8243; locked=&#8221;off&#8221;]</p>
<h2>Professionelle Tätigkeiten</h2>
<p>Bis heute sind sowohl die Bewegung als auch die rechtlichen Strukturen der GWÖ für die Entwicklung und Förderung des Gemeinwohl-Modells sowie für seine interne und externe Organisation verantwortlich. Die kommerzielle/professionelle Tätigkeit wird delegiert:</p>
<p>GWÖ-Berater, für das, was die Tätigkeit der Begleitung von Organisationen bei der Erstellung der Bilanz des Gemeinwohls und die Erleichterung des Verifizierungsprozesses auf der Grundlage der &#8220;Gruppenbewertung&#8221; betrifft.<br />
GWÖ-Auditoren, für die externe Überprüfung des Gemeinwohl-Bilanz auf der Grundlage des Handbuchs.[/et_pb_text][/et_pb_column][et_pb_column type=&#8221;1_2&#8243; _builder_version=&#8221;4.1&#8243;][et_pb_divider show_divider=&#8221;off&#8221; _builder_version=&#8221;4.1&#8243;][/et_pb_divider][et_pb_divider show_divider=&#8221;off&#8221; _builder_version=&#8221;4.1&#8243;][/et_pb_divider][et_pb_button button_text=&#8221;GWÖ-Berater in Italien&#8221; _builder_version=&#8221;4.1&#8243;][/et_pb_button][et_pb_button button_text=&#8221;GWÖ-Auditoren in Italien&#8221; _builder_version=&#8221;4.1&#8243;][/et_pb_button][/et_pb_column][/et_pb_row][/et_pb_section][et_pb_section fb_built=&#8221;1&#8243; _builder_version=&#8221;4.1&#8243;][/et_pb_section]</p>
