{"id":7759,"date":"2020-04-11T13:32:08","date_gmt":"2020-04-11T11:32:08","guid":{"rendered":"https:\/\/www.economia-del-bene-comune.it\/wer-sind-wir\/"},"modified":"2021-11-21T16:39:24","modified_gmt":"2021-11-21T15:39:24","slug":"wer-sind-wir","status":"publish","type":"page","link":"https:\/\/www.economia-del-bene-comune.it\/de\/wer-sind-wir\/","title":{"rendered":"\u00dcber uns"},"content":{"rendered":"<p>[et_pb_section fb_built=&#8221;1&#8243; _builder_version=&#8221;4.1&#8243; collapsed=&#8221;off&#8221;][et_pb_row admin_label=&#8221;DIE GEMEINWOHLBILANZ&#8221; _builder_version=&#8221;4.1&#8243; background_image=&#8221;https:\/\/networld.gwoe.ch\/wp-content\/uploads\/2020\/02\/economida-del-bene-comune_Soffione.jpg&#8221; parallax=&#8221;on&#8221; width=&#8221;75.8%&#8221; min_height=&#8221;10px&#8221; custom_margin=&#8221;|9px||53px||&#8221; custom_padding=&#8221;|279px||||&#8221; box_shadow_style=&#8221;preset1&#8243;][et_pb_column type=&#8221;4_4&#8243; _builder_version=&#8221;4.1&#8243; transform_scale=&#8221;96%|96%&#8221; animation_style=&#8221;fade&#8221;][et_pb_text _builder_version=&#8221;4.1&#8243; custom_margin=&#8221;|-234px||||&#8221;]<\/p>\n<h1>\u00dcber uns<\/h1>\n<p>[\/et_pb_text][\/et_pb_column][\/et_pb_row][\/et_pb_section][et_pb_section fb_built=&#8221;1&#8243; _builder_version=&#8221;4.1&#8243; hover_enabled=&#8221;0&#8243;][et_pb_row column_structure=&#8221;1_2,1_2&#8243; _builder_version=&#8221;4.1&#8243;][et_pb_column type=&#8221;1_2&#8243; _builder_version=&#8221;4.1&#8243;]<\/p>\n<p>[et_pb_video src=&#8221;https:\/\/www.youtube.com\/watch?v=O-XLVQ1D7QU&amp;feature=emb_logo&#8221; _builder_version=&#8221;4.1&#8243;][\/et_pb_video]<\/p>\n<p>[\/et_pb_column][et_pb_column type=&#8221;1_2&#8243; _builder_version=&#8221;4.1&#8243;][et_pb_text _builder_version=&#8221;4.1&#8243;]<\/p>\n<h2><strong>Wir f\u00f6rdern das Gemeinwohl<\/strong><\/h2>\n<p>Wir sind eine internationale Bewegung, die ein ethisches sozio-\u00f6konomisches Modell vorschl\u00e4gt, bei dem die Wirtschaft auf das Wohl der Menschen und des Planeten ausgerichtet ist. Wir wenden uns an Unternehmen, Verb\u00e4nde, lokale Beh\u00f6rden, B\u00fcrger, Familien und Schulen, um diesen Paradigmenwechsel gemeinsam zu erreichen. Unternehmen, Verb\u00e4nde, Kommunalbeh\u00f6rden, B\u00fcrger, Familien und Schulen k\u00f6nnen die Gemeinwohlbilanz nutzen, um ihren Beitrag zum Gemeinwohl zu messen und zu bewerten. In Italien werden die Ideen der Gemeinwohl\u00f6konomie durch den \u201eVerein f\u00fcr Gemeinwohl\u00f6konomie Italien\u201c verbreitet.<\/p>\n<p>[\/et_pb_text][\/et_pb_column][\/et_pb_row][\/et_pb_section][et_pb_section fb_built=&#8221;1&#8243; _builder_version=&#8221;4.1&#8243;][et_pb_row column_structure=&#8221;1_3,1_3,1_3&#8243; _builder_version=&#8221;4.1&#8243; hover_enabled=&#8221;0&#8243;][et_pb_column type=&#8221;1_3&#8243; _builder_version=&#8221;4.1&#8243;][et_pb_button button_url=&#8221;https:\/\/www.economia-del-bene-comune.it\/de\/vision\/&#8221; url_new_window=&#8221;on&#8221; button_text=&#8221;Entdecke unsere Vision&#8221; button_alignment=&#8221;center&#8221; _builder_version=&#8221;4.1&#8243; custom_button=&#8221;on&#8221; button_text_size=&#8221;20px&#8221; custom_margin=&#8221;2px|2px|2px|2px|false|false&#8221;][\/et_pb_button][\/et_pb_column][et_pb_column type=&#8221;1_3&#8243; _builder_version=&#8221;4.1&#8243;][et_pb_button button_url=&#8221;https:\/\/www.economia-del-bene-comune.it\/de\/organisation\/&#8221; url_new_window=&#8221;on&#8221; button_text=&#8221;Mehr zur GW\u00d6-Bewegung&#8221; button_alignment=&#8221;center&#8221; _builder_version=&#8221;4.1&#8243; custom_button=&#8221;on&#8221; button_text_size=&#8221;20px&#8221; custom_margin=&#8221;2px|2px|2px|2px|false|false&#8221;][\/et_pb_button][\/et_pb_column][et_pb_column type=&#8221;1_3&#8243; _builder_version=&#8221;4.1&#8243;][et_pb_button button_url=&#8221;https:\/\/www.economia-del-bene-comune.it\/i-consulenti-ebc-abilitati\/&#8221; url_new_window=&#8221;on&#8221; button_text=&#8221;Hier findest du unsere Berater*innen&#8221; button_alignment=&#8221;center&#8221; _builder_version=&#8221;4.1&#8243; custom_button=&#8221;on&#8221; button_text_size=&#8221;20px&#8221; locked=&#8221;off&#8221; custom_margin=&#8221;2px|2px|2px|2px|false|false&#8221; hover_enabled=&#8221;0&#8243;][\/et_pb_button][\/et_pb_column][\/et_pb_row][\/et_pb_section]<\/p>\n","protected":false},"excerpt":{"rendered":"<p>[et_pb_section fb_built=&#8221;1&#8243; _builder_version=&#8221;4.1&#8243; collapsed=&#8221;off&#8221;][et_pb_row admin_label=&#8221;DIE GEMEINWOHLBILANZ&#8221; _builder_version=&#8221;4.1&#8243; background_image=&#8221;https:\/\/networld.gwoe.ch\/wp-content\/uploads\/2020\/02\/economida-del-bene-comune_Soffione.jpg&#8221; parallax=&#8221;on&#8221; width=&#8221;75.8%&#8221; min_height=&#8221;10px&#8221; custom_margin=&#8221;|9px||53px||&#8221; custom_padding=&#8221;|279px||||&#8221; box_shadow_style=&#8221;preset1&#8243;][et_pb_column type=&#8221;4_4&#8243; _builder_version=&#8221;4.1&#8243; transform_scale=&#8221;96%|96%&#8221; animation_style=&#8221;fade&#8221;][et_pb_text _builder_version=&#8221;4.1&#8243; custom_margin=&#8221;|-234px||||&#8221;] \u00dcber uns [\/et_pb_text][\/et_pb_column][\/et_pb_row][\/et_pb_section][et_pb_section fb_built=&#8221;1&#8243; _builder_version=&#8221;4.1&#8243; hover_enabled=&#8221;0&#8243;][et_pb_row column_structure=&#8221;1_2,1_2&#8243; _builder_version=&#8221;4.1&#8243;][et_pb_column type=&#8221;1_2&#8243; _builder_version=&#8221;4.1&#8243;] [&hellip;]<\/p>\n","protected":false},"author":17,"featured_media":0,"parent":0,"menu_order":0,"comment_status":"closed","ping_status":"closed","template":"","meta":{"_et_pb_use_builder":"on","_et_pb_old_content":"","_et_gb_content_width":"","_mi_skip_tracking":false,"_monsterinsights_sitenote_active":false,"_monsterinsights_sitenote_note":"","_monsterinsights_sitenote_category":0,"footnotes":""},"class_list":["post-7759","page","type-page","status-publish","hentry"],"_links":{"self":[{"href":"https:\/\/www.economia-del-bene-comune.it\/de\/wp-json\/wp\/v2\/pages\/7759","targetHints":{"allow":["GET"]}}],"collection":[{"href":"https:\/\/www.economia-del-bene-comune.it\/de\/wp-json\/wp\/v2\/pages"}],"about":[{"href":"https:\/\/www.economia-del-bene-comune.it\/de\/wp-json\/wp\/v2\/types\/page"}],"author":[{"embeddable":true,"href":"https:\/\/www.economia-del-bene-comune.it\/de\/wp-json\/wp\/v2\/users\/17"}],"replies":[{"embeddable":true,"href":"https:\/\/www.economia-del-bene-comune.it\/de\/wp-json\/wp\/v2\/comments?post=7759"}],"version-history":[{"count":7,"href":"https:\/\/www.economia-del-bene-comune.it\/de\/wp-json\/wp\/v2\/pages\/7759\/revisions"}],"predecessor-version":[{"id":10470,"href":"https:\/\/www.economia-del-bene-comune.it\/de\/wp-json\/wp\/v2\/pages\/7759\/revisions\/10470"}],"wp:attachment":[{"href":"https:\/\/www.economia-del-bene-comune.it\/de\/wp-json\/wp\/v2\/media?parent=7759"}],"curies":[{"name":"wp","href":"https:\/\/api.w.org\/{rel}","templated":true}]}}

Über uns

<p>[et_pb_section fb_built=&#8221;1&#8243; _builder_version=&#8221;4.1&#8243; collapsed=&#8221;off&#8221;][et_pb_row admin_label=&#8221;DIE GEMEINWOHLBILANZ&#8221; _builder_version=&#8221;4.1&#8243; background_image=&#8221;https://networld.gwoe.ch/wp-content/uploads/2020/02/economida-del-bene-comune_Soffione.jpg&#8221; parallax=&#8221;on&#8221; width=&#8221;75.8%&#8221; min_height=&#8221;10px&#8221; custom_margin=&#8221;|9px||53px||&#8221; custom_padding=&#8221;|279px||||&#8221; box_shadow_style=&#8221;preset1&#8243;][et_pb_column type=&#8221;4_4&#8243; _builder_version=&#8221;4.1&#8243; transform_scale=&#8221;96%|96%&#8221; animation_style=&#8221;fade&#8221;][et_pb_text _builder_version=&#8221;4.1&#8243; custom_margin=&#8221;|-234px||||&#8221;]</p>
<h1>Über uns</h1>
<p>[/et_pb_text][/et_pb_column][/et_pb_row][/et_pb_section][et_pb_section fb_built=&#8221;1&#8243; _builder_version=&#8221;4.1&#8243; hover_enabled=&#8221;0&#8243;][et_pb_row column_structure=&#8221;1_2,1_2&#8243; _builder_version=&#8221;4.1&#8243;][et_pb_column type=&#8221;1_2&#8243; _builder_version=&#8221;4.1&#8243;]</p>
<p>[et_pb_video src=&#8221;https://www.youtube.com/watch?v=O-XLVQ1D7QU&amp;feature=emb_logo&#8221; _builder_version=&#8221;4.1&#8243;][/et_pb_video]</p>
<p>[/et_pb_column][et_pb_column type=&#8221;1_2&#8243; _builder_version=&#8221;4.1&#8243;][et_pb_text _builder_version=&#8221;4.1&#8243;]</p>
<h2><strong>Wir fördern das Gemeinwohl</strong></h2>
<p>Wir sind eine internationale Bewegung, die ein ethisches sozio-ökonomisches Modell vorschlägt, bei dem die Wirtschaft auf das Wohl der Menschen und des Planeten ausgerichtet ist. Wir wenden uns an Unternehmen, Verbände, lokale Behörden, Bürger, Familien und Schulen, um diesen Paradigmenwechsel gemeinsam zu erreichen. Unternehmen, Verbände, Kommunalbehörden, Bürger, Familien und Schulen können die Gemeinwohlbilanz nutzen, um ihren Beitrag zum Gemeinwohl zu messen und zu bewerten. In Italien werden die Ideen der Gemeinwohlökonomie durch den „Verein für Gemeinwohlökonomie Italien“ verbreitet.</p>
<p>[/et_pb_text][/et_pb_column][/et_pb_row][/et_pb_section][et_pb_section fb_built=&#8221;1&#8243; _builder_version=&#8221;4.1&#8243;][et_pb_row column_structure=&#8221;1_3,1_3,1_3&#8243; _builder_version=&#8221;4.1&#8243; hover_enabled=&#8221;0&#8243;][et_pb_column type=&#8221;1_3&#8243; _builder_version=&#8221;4.1&#8243;][et_pb_button button_url=&#8221;https://www.economia-del-bene-comune.it/de/vision/&#8221; url_new_window=&#8221;on&#8221; button_text=&#8221;Entdecke unsere Vision&#8221; button_alignment=&#8221;center&#8221; _builder_version=&#8221;4.1&#8243; custom_button=&#8221;on&#8221; button_text_size=&#8221;20px&#8221; custom_margin=&#8221;2px|2px|2px|2px|false|false&#8221;][/et_pb_button][/et_pb_column][et_pb_column type=&#8221;1_3&#8243; _builder_version=&#8221;4.1&#8243;][et_pb_button button_url=&#8221;https://www.economia-del-bene-comune.it/de/organisation/&#8221; url_new_window=&#8221;on&#8221; button_text=&#8221;Mehr zur GWÖ-Bewegung&#8221; button_alignment=&#8221;center&#8221; _builder_version=&#8221;4.1&#8243; custom_button=&#8221;on&#8221; button_text_size=&#8221;20px&#8221; custom_margin=&#8221;2px|2px|2px|2px|false|false&#8221;][/et_pb_button][/et_pb_column][et_pb_column type=&#8221;1_3&#8243; _builder_version=&#8221;4.1&#8243;][et_pb_button button_url=&#8221;https://www.economia-del-bene-comune.it/i-consulenti-ebc-abilitati/&#8221; url_new_window=&#8221;on&#8221; button_text=&#8221;Hier findest du unsere Berater*innen&#8221; button_alignment=&#8221;center&#8221; _builder_version=&#8221;4.1&#8243; custom_button=&#8221;on&#8221; button_text_size=&#8221;20px&#8221; locked=&#8221;off&#8221; custom_margin=&#8221;2px|2px|2px|2px|false|false&#8221; hover_enabled=&#8221;0&#8243;][/et_pb_button][/et_pb_column][/et_pb_row][/et_pb_section]</p>

<p>[et_pb_section fb_built=&#8221;1&#8243; _builder_version=&#8221;4.1&#8243; collapsed=&#8221;off&#8221;][et_pb_row admin_label=&#8221;DIE GEMEINWOHLBILANZ&#8221; _builder_version=&#8221;4.1&#8243; background_image=&#8221;https://networld.gwoe.ch/wp-content/uploads/2020/02/economida-del-bene-comune_Soffione.jpg&#8221; parallax=&#8221;on&#8221; width=&#8221;75.8%&#8221; min_height=&#8221;10px&#8221; custom_margin=&#8221;|9px||53px||&#8221; custom_padding=&#8221;|279px||||&#8221; box_shadow_style=&#8221;preset1&#8243;][et_pb_column type=&#8221;4_4&#8243; _builder_version=&#8221;4.1&#8243; transform_scale=&#8221;96%|96%&#8221; animation_style=&#8221;fade&#8221;][et_pb_text _builder_version=&#8221;4.1&#8243; custom_margin=&#8221;|-234px||||&#8221;] Über uns [/et_pb_text][/et_pb_column][/et_pb_row][/et_pb_section][et_pb_section fb_built=&#8221;1&#8243; _builder_version=&#8221;4.1&#8243; hover_enabled=&#8221;0&#8243;][et_pb_row column_structure=&#8221;1_2,1_2&#8243; _builder_version=&#8221;4.1&#8243;][et_pb_column type=&#8221;1_2&#8243; _builder_version=&#8221;4.1&#8243;] [&hellip;]</p>
