{"id":10389,"date":"2021-11-14T21:28:39","date_gmt":"2021-11-14T20:28:39","guid":{"rendered":"https:\/\/www.economia-del-bene-comune.it\/evento\/gt-bz-laboratorium-klimaschutz-gemeinwohloekonomie-und-klimaschutz\/"},"modified":"2021-11-14T21:28:39","modified_gmt":"2021-11-14T20:28:39","slug":"gt-bz-laboratorium-klimaschutz-gemeinwohloekonomie-und-klimaschutz","status":"publish","type":"tribe_events","link":"https:\/\/www.economia-del-bene-comune.it\/de\/evento\/gt-bz-laboratorium-klimaschutz-gemeinwohloekonomie-und-klimaschutz\/","title":{"rendered":"GT BZ &#8211; Laboratorium Klimaschutz &#8211; Gemeinwohl\u00f6konomie und Klimaschutz"},"content":{"rendered":"<p>mit Johannes Engl und Johanna Don\u00e0, Koordinatoren der Regionalgruppe S\u00fcdtirol<\/p>\n<p><em>Teil einer Serie von Events organisiert von der GW\u00f6-Regionalgruppe S\u00fcdtirol in Zusammenarbeit mit Politis. <a href=\"https:\/\/www.politis.it\/156d624.html#.YZFHbmDMKUk\">Hier geht&#8217;s zum Flyer<\/a><\/em><\/p>\n<p>Die GW\u00d6 geht davon aus, dass die wirtschaftliche Eigeninitiative dasselbe Ziel wie die Wirtschaft als Gesamtes zu verfolgen habe: das Gemeinwohl. Gemeinwohl sollte nicht nur als allgemeiner Verfassungsgrundsatz Richtschnur sein. Vielmehr sollten die politischen Entscheidungstr\u00e4ger dieses Oberziel konkret anstreben, nicht die Partikularinteressen der st\u00e4rksten Gruppen bedienen. Jene Unternehmen sollen gef\u00f6rdert werden, die sich nach dem Gemeinwohl orientieren. Gemeinwohlsch\u00e4dliche Initiativen sollen unterbleiben. Zum Gemeinwohl geh\u00f6ren auch h\u00f6chste \u00f6kologische Standards, geringerer Ressourcenund Energieverbrauch, die Schonung der nat\u00fcrlichen Lebensgrundlagen. Damit ist Klimaschutz als heutige Priorit\u00e4t in der Politik inbegriffen. Doch wie vertr\u00e4gt sich konsequenter Klimaschutz mit den \u00fcbrigen Werten des Gemeinwohls, z.B. mit sozialer Sicherheit und Gerechtigkeit, mit demokratischer Mitbestimmung und direkter B\u00fcrgerbeteiligung? Wie k\u00f6nnte eine \u201eGemeinwohlregion S\u00fcdtirol\u201c beschaffen sein?<\/p>\n","protected":false},"excerpt":{"rendered":"<p>mit Johannes Engl und Johanna Don\u00e0, Koordinatoren der Regionalgruppe S\u00fcdtirol Teil einer Serie von Events organisiert von der GW\u00f6-Regionalgruppe S\u00fcdtirol in Zusammenarbeit mit Politis. Hier geht&#8217;s zum Flyer Die GW\u00d6 [&hellip;]<\/p>\n","protected":false},"author":19,"featured_media":10355,"template":"","meta":{"_et_pb_use_builder":"","_et_pb_old_content":"","_et_gb_content_width":"","_mi_skip_tracking":false,"_monsterinsights_sitenote_active":false,"_monsterinsights_sitenote_note":"","_monsterinsights_sitenote_category":0,"_tribe_events_status":"","_tribe_events_status_reason":"","footnotes":""},"tags":[395],"tribe_events_cat":[],"class_list":["post-10389","tribe_events","type-tribe_events","status-publish","has-post-thumbnail","hentry","tag-gtbz-laboratorium-klimaschutz-de"],"_links":{"self":[{"href":"https:\/\/www.economia-del-bene-comune.it\/de\/wp-json\/wp\/v2\/tribe_events\/10389","targetHints":{"allow":["GET"]}}],"collection":[{"href":"https:\/\/www.economia-del-bene-comune.it\/de\/wp-json\/wp\/v2\/tribe_events"}],"about":[{"href":"https:\/\/www.economia-del-bene-comune.it\/de\/wp-json\/wp\/v2\/types\/tribe_events"}],"author":[{"embeddable":true,"href":"https:\/\/www.economia-del-bene-comune.it\/de\/wp-json\/wp\/v2\/users\/19"}],"version-history":[{"count":0,"href":"https:\/\/www.economia-del-bene-comune.it\/de\/wp-json\/wp\/v2\/tribe_events\/10389\/revisions"}],"wp:featuredmedia":[{"embeddable":true,"href":"https:\/\/www.economia-del-bene-comune.it\/de\/wp-json\/wp\/v2\/media\/10355"}],"wp:attachment":[{"href":"https:\/\/www.economia-del-bene-comune.it\/de\/wp-json\/wp\/v2\/media?parent=10389"}],"wp:term":[{"taxonomy":"post_tag","embeddable":true,"href":"https:\/\/www.economia-del-bene-comune.it\/de\/wp-json\/wp\/v2\/tags?post=10389"},{"taxonomy":"tribe_events_cat","embeddable":true,"href":"https:\/\/www.economia-del-bene-comune.it\/de\/wp-json\/wp\/v2\/tribe_events_cat?post=10389"}],"curies":[{"name":"wp","href":"https:\/\/api.w.org\/{rel}","templated":true}]}}

GT BZ &#8211; Laboratorium Klimaschutz &#8211; Gemeinwohlökonomie und Klimaschutz

<p>mit Johannes Engl und Johanna Donà, Koordinatoren der Regionalgruppe Südtirol</p>
<p><em>Teil einer Serie von Events organisiert von der GWö-Regionalgruppe Südtirol in Zusammenarbeit mit Politis. <a href="https://www.politis.it/156d624.html#.YZFHbmDMKUk">Hier geht&#8217;s zum Flyer</a></em></p>
<p>Die GWÖ geht davon aus, dass die wirtschaftliche Eigeninitiative dasselbe Ziel wie die Wirtschaft als Gesamtes zu verfolgen habe: das Gemeinwohl. Gemeinwohl sollte nicht nur als allgemeiner Verfassungsgrundsatz Richtschnur sein. Vielmehr sollten die politischen Entscheidungsträger dieses Oberziel konkret anstreben, nicht die Partikularinteressen der stärksten Gruppen bedienen. Jene Unternehmen sollen gefördert werden, die sich nach dem Gemeinwohl orientieren. Gemeinwohlschädliche Initiativen sollen unterbleiben. Zum Gemeinwohl gehören auch höchste ökologische Standards, geringerer Ressourcenund Energieverbrauch, die Schonung der natürlichen Lebensgrundlagen. Damit ist Klimaschutz als heutige Priorität in der Politik inbegriffen. Doch wie verträgt sich konsequenter Klimaschutz mit den übrigen Werten des Gemeinwohls, z.B. mit sozialer Sicherheit und Gerechtigkeit, mit demokratischer Mitbestimmung und direkter Bürgerbeteiligung? Wie könnte eine „Gemeinwohlregion Südtirol“ beschaffen sein?</p>

<p>mit Johannes Engl und Johanna Donà, Koordinatoren der Regionalgruppe Südtirol Teil einer Serie von Events organisiert von der GWö-Regionalgruppe Südtirol in Zusammenarbeit mit Politis. Hier geht&#8217;s zum Flyer Die GWÖ [&hellip;]</p>
