{"id":11803,"date":"2023-02-10T11:55:33","date_gmt":"2023-02-10T10:55:33","guid":{"rendered":"https:\/\/www.economia-del-bene-comune.it\/?post_type=tribe_events&#038;p=11803"},"modified":"2023-02-10T12:35:17","modified_gmt":"2023-02-10T11:35:17","slug":"empathischer-dialog-in-der-gwoe","status":"publish","type":"tribe_events","link":"https:\/\/www.economia-del-bene-comune.it\/de\/evento\/empathischer-dialog-in-der-gwoe\/","title":{"rendered":"Empathischer Dialog in der GW\u00d6"},"content":{"rendered":"<p lang=\"de-DE\"><strong><em>Der AK Gesundheit organisiert in deutscher Sprache einen Empathischer Dialog in der GW\u00d6 zu den GW\u00d6-Werten Demokratie, Transparenz, Menschenw\u00fcrde und Solidarit\u00e4t sowie zu den Themen Gesellschaft, Klimawandel, Wissenschaft, Freiheit, Korruption, Gesundheit, Grundrechte, Gemeinwohl, usw.<\/em><\/strong><br \/>\n<em>Beginn: 22.03.2023<\/em><\/p>\n<p><span class=\"author-a-z85zz84zz88z3z67zz80zz84znnz71zbz79zz122zz85zri\">Das Team vom Health Hub hat in seiner Arbeit zur Aufarbeitung der Coronathematik festgestellt, dass <\/span>e<span class=\"author-a-z85zz84zz88z3z67zz80zz84znnz71zbz79zz122zz85zri\">s unterschiedliche Sichtweisen zu den GW\u00d6-Werten- Demokratie, Transparenz, Menschenw\u00fcrde und Solidarit\u00e4t sowie zu den Themen Gesellschaft, Klimawandel, Wissenschaft, Freiheit, Korruption, Gesundheit, <\/span><span class=\"author-a-wz65zydp4oz70zv4fulqdi\">Grundrechte, <\/span><span class=\"author-a-z85zz84zz88z3z67zz80zz84znnz71zbz79zz122zz85zri\">Gemeinwohl, usw. gibt. Dies f\u00fchrte bewegungsweit zu Konflikten, die die Zusammenarbeit der Aktiven erschwerte und teilweise unm\u00f6glich gemacht.\u00a0 Wir denken, dass es daher notwendig ist, einen Aufarbeitungsprozess zu starten<\/span><span class=\"author-a-z85zz84zz88z3z67zz80zz84znnz71zbz79zz122zz85zri\">, um auch bei unterschiedlichen Sichtweisen zu bestimmten Themen wieder zu einem einem empathischen Miteinander und darauf aufbauend zu einem gemeinsamen Verst\u00e4ndnis und letztendlich zu einer gemeinsamen Vision der Gemeinwohl-\u00d6konomie zu kommen.<\/span><\/p>\n<p><span class=\"author-a-z85zz84zz88z3z67zz80zz84znnz71zbz79zz122zz85zri\">Wir organisieren daf\u00fcr im ersten Schritt einen Empatische<\/span><span class=\"author-a-wz65zydp4oz70zv4fulqdi\">n<\/span><span class=\"author-a-z85zz84zz88z3z67zz80zz84znnz71zbz79zz122zz85zri\"> Dialog mit inhaltlicher Vertiefung.<\/span><\/p>\n<p><span class=\"author-a-z85zz84zz88z3z67zz80zz84znnz71zbz79zz122zz85zri\">Wir haben dazu zwei einfache Fragestellungen f\u00fcr die interessierten Teilnehmer entwickelt, um den Dialog in Kleingruppen (Breakoutsessions) zwischen den unterschiedlichen Sichtweisen bzw. Meinungen initiieren zu k\u00f6nnen:\u00a0<\/span><\/p>\n<p><span class=\"author-a-z85zz84zz88z3z67zz80zz84znnz71zbz79zz122zz85zri\">1. Wie wollen wir mit der Spaltung in der GW\u00d6 umgehen?<\/span><br \/>\n<span class=\"author-a-z85zz84zz88z3z67zz80zz84znnz71zbz79zz122zz85zri\">a) wir sehen keine Spaltung bzw. wir wollen dar\u00fcber <\/span><span class=\"author-a-wz65zydp4oz70zv4fulqdi\">lieber <\/span><span class=\"author-a-z85zz84zz88z3z67zz80zz84znnz71zbz79zz122zz85zri\">nur ungern reden<\/span><br \/>\n<span class=\"author-a-z85zz84zz88z3z67zz80zz84znnz71zbz79zz122zz85zri\">b) wir m\u00fcssen einen Dialog f\u00fchren, <\/span><span class=\"author-a-wz65zydp4oz70zv4fulqdi\">den<\/span><span class=\"author-a-z85zz84zz88z3z67zz80zz84znnz71zbz79zz122zz85zri\"> wir auch vertiefen, um wieder zu einer guten Basis der Zusammenarbeit zu kommen<br \/>\n<\/span><\/p>\n<p><span class=\"author-a-z85zz84zz88z3z67zz80zz84znnz71zbz79zz122zz85zri\">2. Sowohl das Thema Corona als auch Klimawandel, Demokratie und Ukraine-Krieg haben gezeigt, dass wir interne Konflikte haben, die einer gemeinsamen Vision einer gemeinwohl-orientierten Zukunft zu<\/span><span class=\"author-a-z85zz84zz88z3z67zz80zz84znnz71zbz79zz122zz85zri\">wider laufen.<\/span><br \/>\n<span class=\"author-a-z85zz84zz88z3z67zz80zz84znnz71zbz79zz122zz85zri\">a) wir vertrauen dem Staat, dass er eine gemeinwohl-orientierte Zukunft organisiert<\/span><br \/>\n<span class=\"author-a-z85zz84zz88z3z67zz80zz84znnz71zbz79zz122zz85zri\">b) wir wollen durch basisdemokratische Instrumente die Zukunft selber in die Hand nehmen.<\/span><\/p>\n<p><span class=\"author-a-z85zz84zz88z3z67zz80zz84znnz71zbz79zz122zz85zri\">Es gibt 3 Onlinetreffen zu ca. 2 Stunden. Sollte es l\u00e4nger dauern, wird dies gemeinsam vereinbart.<\/span><br \/>\n<span class=\"author-a-z85zz84zz88z3z67zz80zz84znnz71zbz79zz122zz85zri\">1. Treffen: Mi 22.03.2023 18:00 &#8211; 20:00<\/span><br \/>\n<span class=\"author-a-z85zz84zz88z3z67zz80zz84znnz71zbz79zz122zz85zri\">Die weiteren Treffen werden mit den Teilnehmern vereinbart. Bitte reservieren Sie vorerst auch die folgenden Termine:<\/span><br \/>\n<span class=\"author-a-z85zz84zz88z3z67zz80zz84znnz71zbz79zz122zz85zri\">2.Treffen: Mittwoch 05.04.2023 18:00 &#8211; 20:00<\/span><br \/>\n<span class=\"author-a-ipmz89zf7z84z8z81zl31yz81zz87zs\">3<\/span><span class=\"author-a-z85zz84zz88z3z67zz80zz84znnz71zbz79zz122zz85zri\">.Treffen: Mittwoch 19.04.2023 18:00 &#8211; 20:00<\/span><br \/>\n<span class=\"author-a-z85zz84zz88z3z67zz80zz84znnz71zbz79zz122zz85zri\">Anmeldung und weitere Fragen bis Mi 15.03.2023 bei: Christof<\/span><span class=\"author-a-u7z73zz87zz87za2z66zpk3apclz86z\"> unter <a class=\"external-link\" href=\"mailto:christof.harnau@ecogood.org\" target=\"_blank\" rel=\"nofollow noopener\">christof.harnau@ecogood.org<\/a><\/span><br \/>\n<span class=\"author-a-z85zz84zz88z3z67zz80zz84znnz71zbz79zz122zz85zri\">Bitte beantworten Sie bei der Anmeldung die beiden Fragen 1a oder 1b, 2a oder 2b.<\/span><br \/>\n<span class=\"author-a-z85zz84zz88z3z67zz80zz84znnz71zbz79zz122zz85zri\">Siehe auch die Infos im AK Gesundheit (<a href=\"https:\/\/wiki.ecogood.org\/display\/HUBS\/Health+Hub\">Health Hub<\/a>)<\/span><\/p>\n<p><span class=\"author-a-z85zz84zz88z3z67zz80zz84znnz71zbz79zz122zz85zri\">Weitergehende Informationen zum Ablauf und Inhalt der Veranstaltung, sowie der Teilnahmelink werden rechtzeitig vor dem Beginn der Veranstaltung kommuniziert.<\/span><\/p>\n<p><span class=\"author-a-z85zz84zz88z3z67zz80zz84znnz71zbz79zz122zz85zri\">Mit freundlichen Gr\u00fc\u00dfen Ihr Team vom Health Hub<\/span><br \/>\n<span class=\"author-a-z85zz84zz88z3z67zz80zz84znnz71zbz79zz122zz85zri\">Bruno Rieser, Bernhard Oberauch, Christof Harnau, Angela Imdahl, Bernd Fittkau.<\/span><\/p>\n<p>Beschreibung und Organigramm des AK Gesundheit (international, deutsch, italienisch): downlod pdf <a href=\"https:\/\/www.economia-del-bene-comune.it\/wp-content\/uploads\/2023\/02\/organigram-health-hub-2022.pdf\">organigram health-hub 2022<\/a><\/p>\n","protected":false},"excerpt":{"rendered":"<p>Der AK Gesundheit organisiert in deutscher Sprache einen Empathischer Dialog in der GW\u00d6 zu den GW\u00d6-Werten Demokratie, Transparenz, Menschenw\u00fcrde und Solidarit\u00e4t sowie zu den Themen Gesellschaft, Klimawandel, Wissenschaft, Freiheit, Korruption, [&hellip;]<\/p>\n","protected":false},"author":20,"featured_media":11789,"template":"","meta":{"_et_pb_use_builder":"","_et_pb_old_content":"","_et_gb_content_width":"","_mi_skip_tracking":false,"_monsterinsights_sitenote_active":false,"_monsterinsights_sitenote_note":"","_monsterinsights_sitenote_category":0,"_tribe_events_status":"","_tribe_events_status_reason":"","footnotes":""},"tags":[],"tribe_events_cat":[],"class_list":["post-11803","tribe_events","type-tribe_events","status-publish","has-post-thumbnail","hentry"],"_links":{"self":[{"href":"https:\/\/www.economia-del-bene-comune.it\/de\/wp-json\/wp\/v2\/tribe_events\/11803","targetHints":{"allow":["GET"]}}],"collection":[{"href":"https:\/\/www.economia-del-bene-comune.it\/de\/wp-json\/wp\/v2\/tribe_events"}],"about":[{"href":"https:\/\/www.economia-del-bene-comune.it\/de\/wp-json\/wp\/v2\/types\/tribe_events"}],"author":[{"embeddable":true,"href":"https:\/\/www.economia-del-bene-comune.it\/de\/wp-json\/wp\/v2\/users\/20"}],"version-history":[{"count":4,"href":"https:\/\/www.economia-del-bene-comune.it\/de\/wp-json\/wp\/v2\/tribe_events\/11803\/revisions"}],"predecessor-version":[{"id":11820,"href":"https:\/\/www.economia-del-bene-comune.it\/de\/wp-json\/wp\/v2\/tribe_events\/11803\/revisions\/11820"}],"wp:featuredmedia":[{"embeddable":true,"href":"https:\/\/www.economia-del-bene-comune.it\/de\/wp-json\/wp\/v2\/media\/11789"}],"wp:attachment":[{"href":"https:\/\/www.economia-del-bene-comune.it\/de\/wp-json\/wp\/v2\/media?parent=11803"}],"wp:term":[{"taxonomy":"post_tag","embeddable":true,"href":"https:\/\/www.economia-del-bene-comune.it\/de\/wp-json\/wp\/v2\/tags?post=11803"},{"taxonomy":"tribe_events_cat","embeddable":true,"href":"https:\/\/www.economia-del-bene-comune.it\/de\/wp-json\/wp\/v2\/tribe_events_cat?post=11803"}],"curies":[{"name":"wp","href":"https:\/\/api.w.org\/{rel}","templated":true}]}}

Empathischer Dialog in der GWÖ

<p lang="de-DE"><strong><em>Der AK Gesundheit organisiert in deutscher Sprache einen Empathischer Dialog in der GWÖ zu den GWÖ-Werten Demokratie, Transparenz, Menschenwürde und Solidarität sowie zu den Themen Gesellschaft, Klimawandel, Wissenschaft, Freiheit, Korruption, Gesundheit, Grundrechte, Gemeinwohl, usw.</em></strong><br />
<em>Beginn: 22.03.2023</em></p>
<p><span class="author-a-z85zz84zz88z3z67zz80zz84znnz71zbz79zz122zz85zri">Das Team vom Health Hub hat in seiner Arbeit zur Aufarbeitung der Coronathematik festgestellt, dass </span>e<span class="author-a-z85zz84zz88z3z67zz80zz84znnz71zbz79zz122zz85zri">s unterschiedliche Sichtweisen zu den GWÖ-Werten- Demokratie, Transparenz, Menschenwürde und Solidarität sowie zu den Themen Gesellschaft, Klimawandel, Wissenschaft, Freiheit, Korruption, Gesundheit, </span><span class="author-a-wz65zydp4oz70zv4fulqdi">Grundrechte, </span><span class="author-a-z85zz84zz88z3z67zz80zz84znnz71zbz79zz122zz85zri">Gemeinwohl, usw. gibt. Dies führte bewegungsweit zu Konflikten, die die Zusammenarbeit der Aktiven erschwerte und teilweise unmöglich gemacht.  Wir denken, dass es daher notwendig ist, einen Aufarbeitungsprozess zu starten</span><span class="author-a-z85zz84zz88z3z67zz80zz84znnz71zbz79zz122zz85zri">, um auch bei unterschiedlichen Sichtweisen zu bestimmten Themen wieder zu einem einem empathischen Miteinander und darauf aufbauend zu einem gemeinsamen Verständnis und letztendlich zu einer gemeinsamen Vision der Gemeinwohl-Ökonomie zu kommen.</span></p>
<p><span class="author-a-z85zz84zz88z3z67zz80zz84znnz71zbz79zz122zz85zri">Wir organisieren dafür im ersten Schritt einen Empatische</span><span class="author-a-wz65zydp4oz70zv4fulqdi">n</span><span class="author-a-z85zz84zz88z3z67zz80zz84znnz71zbz79zz122zz85zri"> Dialog mit inhaltlicher Vertiefung.</span></p>
<p><span class="author-a-z85zz84zz88z3z67zz80zz84znnz71zbz79zz122zz85zri">Wir haben dazu zwei einfache Fragestellungen für die interessierten Teilnehmer entwickelt, um den Dialog in Kleingruppen (Breakoutsessions) zwischen den unterschiedlichen Sichtweisen bzw. Meinungen initiieren zu können: </span></p>
<p><span class="author-a-z85zz84zz88z3z67zz80zz84znnz71zbz79zz122zz85zri">1. Wie wollen wir mit der Spaltung in der GWÖ umgehen?</span><br />
<span class="author-a-z85zz84zz88z3z67zz80zz84znnz71zbz79zz122zz85zri">a) wir sehen keine Spaltung bzw. wir wollen darüber </span><span class="author-a-wz65zydp4oz70zv4fulqdi">lieber </span><span class="author-a-z85zz84zz88z3z67zz80zz84znnz71zbz79zz122zz85zri">nur ungern reden</span><br />
<span class="author-a-z85zz84zz88z3z67zz80zz84znnz71zbz79zz122zz85zri">b) wir müssen einen Dialog führen, </span><span class="author-a-wz65zydp4oz70zv4fulqdi">den</span><span class="author-a-z85zz84zz88z3z67zz80zz84znnz71zbz79zz122zz85zri"> wir auch vertiefen, um wieder zu einer guten Basis der Zusammenarbeit zu kommen<br />
</span></p>
<p><span class="author-a-z85zz84zz88z3z67zz80zz84znnz71zbz79zz122zz85zri">2. Sowohl das Thema Corona als auch Klimawandel, Demokratie und Ukraine-Krieg haben gezeigt, dass wir interne Konflikte haben, die einer gemeinsamen Vision einer gemeinwohl-orientierten Zukunft zu</span><span class="author-a-z85zz84zz88z3z67zz80zz84znnz71zbz79zz122zz85zri">wider laufen.</span><br />
<span class="author-a-z85zz84zz88z3z67zz80zz84znnz71zbz79zz122zz85zri">a) wir vertrauen dem Staat, dass er eine gemeinwohl-orientierte Zukunft organisiert</span><br />
<span class="author-a-z85zz84zz88z3z67zz80zz84znnz71zbz79zz122zz85zri">b) wir wollen durch basisdemokratische Instrumente die Zukunft selber in die Hand nehmen.</span></p>
<p><span class="author-a-z85zz84zz88z3z67zz80zz84znnz71zbz79zz122zz85zri">Es gibt 3 Onlinetreffen zu ca. 2 Stunden. Sollte es länger dauern, wird dies gemeinsam vereinbart.</span><br />
<span class="author-a-z85zz84zz88z3z67zz80zz84znnz71zbz79zz122zz85zri">1. Treffen: Mi 22.03.2023 18:00 &#8211; 20:00</span><br />
<span class="author-a-z85zz84zz88z3z67zz80zz84znnz71zbz79zz122zz85zri">Die weiteren Treffen werden mit den Teilnehmern vereinbart. Bitte reservieren Sie vorerst auch die folgenden Termine:</span><br />
<span class="author-a-z85zz84zz88z3z67zz80zz84znnz71zbz79zz122zz85zri">2.Treffen: Mittwoch 05.04.2023 18:00 &#8211; 20:00</span><br />
<span class="author-a-ipmz89zf7z84z8z81zl31yz81zz87zs">3</span><span class="author-a-z85zz84zz88z3z67zz80zz84znnz71zbz79zz122zz85zri">.Treffen: Mittwoch 19.04.2023 18:00 &#8211; 20:00</span><br />
<span class="author-a-z85zz84zz88z3z67zz80zz84znnz71zbz79zz122zz85zri">Anmeldung und weitere Fragen bis Mi 15.03.2023 bei: Christof</span><span class="author-a-u7z73zz87zz87za2z66zpk3apclz86z"> unter <a class="external-link" href="mailto:christof.harnau@ecogood.org" target="_blank" rel="nofollow noopener">christof.harnau@ecogood.org</a></span><br />
<span class="author-a-z85zz84zz88z3z67zz80zz84znnz71zbz79zz122zz85zri">Bitte beantworten Sie bei der Anmeldung die beiden Fragen 1a oder 1b, 2a oder 2b.</span><br />
<span class="author-a-z85zz84zz88z3z67zz80zz84znnz71zbz79zz122zz85zri">Siehe auch die Infos im AK Gesundheit (<a href="https://wiki.ecogood.org/display/HUBS/Health+Hub">Health Hub</a>)</span></p>
<p><span class="author-a-z85zz84zz88z3z67zz80zz84znnz71zbz79zz122zz85zri">Weitergehende Informationen zum Ablauf und Inhalt der Veranstaltung, sowie der Teilnahmelink werden rechtzeitig vor dem Beginn der Veranstaltung kommuniziert.</span></p>
<p><span class="author-a-z85zz84zz88z3z67zz80zz84znnz71zbz79zz122zz85zri">Mit freundlichen Grüßen Ihr Team vom Health Hub</span><br />
<span class="author-a-z85zz84zz88z3z67zz80zz84znnz71zbz79zz122zz85zri">Bruno Rieser, Bernhard Oberauch, Christof Harnau, Angela Imdahl, Bernd Fittkau.</span></p>
<p>Beschreibung und Organigramm des AK Gesundheit (international, deutsch, italienisch): downlod pdf <a href="https://www.economia-del-bene-comune.it/wp-content/uploads/2023/02/organigram-health-hub-2022.pdf">organigram health-hub 2022</a></p>

<p>Der AK Gesundheit organisiert in deutscher Sprache einen Empathischer Dialog in der GWÖ zu den GWÖ-Werten Demokratie, Transparenz, Menschenwürde und Solidarität sowie zu den Themen Gesellschaft, Klimawandel, Wissenschaft, Freiheit, Korruption, [&hellip;]</p>
