{"id":12255,"date":"2023-09-13T14:51:46","date_gmt":"2023-09-13T12:51:46","guid":{"rendered":"https:\/\/www.economia-del-bene-comune.it\/?post_type=tribe_events&#038;p=12255"},"modified":"2023-09-13T15:20:09","modified_gmt":"2023-09-13T13:20:09","slug":"who-pandemievertrag-empathischer-dialog-online","status":"publish","type":"tribe_events","link":"https:\/\/www.economia-del-bene-comune.it\/de\/evento\/who-pandemievertrag-empathischer-dialog-online\/","title":{"rendered":"WHO-Pandemievertrag, empathischer Dialog Online"},"content":{"rendered":"<h2>Einladung zum empathischen Dialog am 20.09.2023 18 Uhr zum Thema WHO-Pandemievertrag, Onlineveranstaltung<\/h2>\n<div id=\"magicdomid6\" dir=\"ltr\">\n<p><span style=\"font-family: Arial;\"><span style=\"font-size: small;\"><span style=\"color: #485365;\">Aus dringendem und wichtigem Anlass laden wir der AK Health (DACH) euch zu einem empathischen Dialog ein. Als GW\u00d6 m\u00f6chten wir f\u00fcr eine bessere Welt eintreten, in der die Werte der GW\u00d6 gelebt werden.<\/span><\/span><\/span><\/p>\n<\/div>\n<div id=\"magicdomid156\" dir=\"ltr\">\n<p><span style=\"font-family: Arial;\"><span style=\"font-size: small;\"><span style=\"color: #485365;\">Zur Zeit werden durch international-bindende Vertr\u00e4ge wesentliche Ver\u00e4nderungen der Befugnisse und der Rolle der WHO\u00a0 vorbereitet. Diese treffen auch auf die von der GW\u00d6 vertretenen Wertvorstellungen.\u00a0 Wir m\u00f6chten einen Raum \u00f6ffnen. damit zu diesem brisanten Thema innerhalb der GW\u00d6 sowohl Informationen geteilt, als auch respektvoller Austausch\u00a0stattfinden kann.<\/span><\/span><\/span><\/p>\n<\/div>\n<div id=\"magicdomid10\" dir=\"ltr\">\n<p><span style=\"font-family: Arial;\"><span style=\"font-size: small;\"><span style=\"color: #485365;\">Den WHO-Pandemievertrag\u00a0und die internationalen Gesundheitsvorschriften ber\u00fchren die Menschrechte und Menschenw\u00fcrde\u00a0sowie f\u00fcr die demokratische Mitbestimmung.\u00a0\u00a0Wir m\u00f6chten\u00a0uns\u00a0mit Euch zusammen \u00fcber diese Thematik austauschen, um im Idealfall einen gemeinsamen Vorschlag zu entwickeln, welcher innerhalb der GW\u00d6-Bewegung ver\u00f6ffentlicht wird, um eine bewegungsweite konsensbasierten Meinungsbildung und Stellungnahme zu initiieren. . <\/span><\/span><\/span><\/p>\n<\/div>\n<div id=\"magicdomid13\" dir=\"ltr\">\n<p><span style=\"color: #485365;\"><span style=\"font-family: Arial;\"><span style=\"font-size: small;\">Wichtige Informationen zu dem Thema wurden schon mal zusammengefasst auf dieser Seite\u00a0<a href=\"https:\/\/www.mehr-wissen.info\/\">Mehr Wissen<\/a> mit weiterf\u00fchrenden Artikeln und Vortr\u00e4gen.<\/span><\/span><\/span><\/p>\n<\/div>\n<div id=\"magicdomid14\" dir=\"ltr\">\n<p><span style=\"color: #485365;\"><span style=\"font-family: Arial;\"><span style=\"font-size: small;\">Bitte meldet euch bei Christof Harnau bis zum 18.09.2023 an unter\u00a0<a href=\"mailto:christof.harnau@ecogood.org\">christof.harnau@ecogood.org<\/a>.<\/span><\/span><\/span><\/p>\n<\/div>\n<p><span style=\"font-family: Arial;\"><span style=\"font-size: small;\"><span style=\"color: #485365;\">Der Zoom-Link wird den angemeldeten Teilnehmern zugesandt.<\/span><\/span><\/span><\/p>\n<p><span style=\"font-family: Arial;\"><span style=\"font-size: small;\"><span style=\"color: #485365;\">Herzliche Gr\u00fc\u00dfe<\/span><\/span><\/span><\/p>\n<p><span style=\"font-family: Arial;\"><span style=\"font-size: small;\"><span style=\"color: #485365;\">Bruno Rieser, Angela Imdahl, Bernd Fittkau, Bernhard Oberrauch und Christof Harnau<\/span><\/span><\/span><\/p>\n","protected":false},"excerpt":{"rendered":"<p>Einladung zum empathischen Dialog am 20.09.2023 18 Uhr zum Thema WHO-Pandemievertrag, Onlineveranstaltung Aus dringendem und wichtigem Anlass laden wir der AK Health (DACH) euch zu einem empathischen Dialog ein. Als [&hellip;]<\/p>\n","protected":false},"author":20,"featured_media":11789,"template":"","meta":{"_et_pb_use_builder":"","_et_pb_old_content":"","_et_gb_content_width":"","_mi_skip_tracking":false,"_monsterinsights_sitenote_active":false,"_monsterinsights_sitenote_note":"","_monsterinsights_sitenote_category":0,"_tribe_events_status":"","_tribe_events_status_reason":"","footnotes":""},"tags":[],"tribe_events_cat":[],"class_list":["post-12255","tribe_events","type-tribe_events","status-publish","has-post-thumbnail","hentry"],"_links":{"self":[{"href":"https:\/\/www.economia-del-bene-comune.it\/de\/wp-json\/wp\/v2\/tribe_events\/12255","targetHints":{"allow":["GET"]}}],"collection":[{"href":"https:\/\/www.economia-del-bene-comune.it\/de\/wp-json\/wp\/v2\/tribe_events"}],"about":[{"href":"https:\/\/www.economia-del-bene-comune.it\/de\/wp-json\/wp\/v2\/types\/tribe_events"}],"author":[{"embeddable":true,"href":"https:\/\/www.economia-del-bene-comune.it\/de\/wp-json\/wp\/v2\/users\/20"}],"version-history":[{"count":6,"href":"https:\/\/www.economia-del-bene-comune.it\/de\/wp-json\/wp\/v2\/tribe_events\/12255\/revisions"}],"predecessor-version":[{"id":12262,"href":"https:\/\/www.economia-del-bene-comune.it\/de\/wp-json\/wp\/v2\/tribe_events\/12255\/revisions\/12262"}],"wp:featuredmedia":[{"embeddable":true,"href":"https:\/\/www.economia-del-bene-comune.it\/de\/wp-json\/wp\/v2\/media\/11789"}],"wp:attachment":[{"href":"https:\/\/www.economia-del-bene-comune.it\/de\/wp-json\/wp\/v2\/media?parent=12255"}],"wp:term":[{"taxonomy":"post_tag","embeddable":true,"href":"https:\/\/www.economia-del-bene-comune.it\/de\/wp-json\/wp\/v2\/tags?post=12255"},{"taxonomy":"tribe_events_cat","embeddable":true,"href":"https:\/\/www.economia-del-bene-comune.it\/de\/wp-json\/wp\/v2\/tribe_events_cat?post=12255"}],"curies":[{"name":"wp","href":"https:\/\/api.w.org\/{rel}","templated":true}]}}

<h2>Einladung zum empathischen Dialog am 20.09.2023 18 Uhr zum Thema WHO-Pandemievertrag, Onlineveranstaltung</h2>
<div id="magicdomid6" dir="ltr">
<p><span style="font-family: Arial;"><span style="font-size: small;"><span style="color: #485365;">Aus dringendem und wichtigem Anlass laden wir der AK Health (DACH) euch zu einem empathischen Dialog ein. Als GWÖ möchten wir für eine bessere Welt eintreten, in der die Werte der GWÖ gelebt werden.</span></span></span></p>
</div>
<div id="magicdomid156" dir="ltr">
<p><span style="font-family: Arial;"><span style="font-size: small;"><span style="color: #485365;">Zur Zeit werden durch international-bindende Verträge wesentliche Veränderungen der Befugnisse und der Rolle der WHO  vorbereitet. Diese treffen auch auf die von der GWÖ vertretenen Wertvorstellungen.  Wir möchten einen Raum öffnen. damit zu diesem brisanten Thema innerhalb der GWÖ sowohl Informationen geteilt, als auch respektvoller Austausch stattfinden kann.</span></span></span></p>
</div>
<div id="magicdomid10" dir="ltr">
<p><span style="font-family: Arial;"><span style="font-size: small;"><span style="color: #485365;">Den WHO-Pandemievertrag und die internationalen Gesundheitsvorschriften berühren die Menschrechte und Menschenwürde sowie für die demokratische Mitbestimmung.  Wir möchten uns mit Euch zusammen über diese Thematik austauschen, um im Idealfall einen gemeinsamen Vorschlag zu entwickeln, welcher innerhalb der GWÖ-Bewegung veröffentlicht wird, um eine bewegungsweite konsensbasierten Meinungsbildung und Stellungnahme zu initiieren. . </span></span></span></p>
</div>
<div id="magicdomid13" dir="ltr">
<p><span style="color: #485365;"><span style="font-family: Arial;"><span style="font-size: small;">Wichtige Informationen zu dem Thema wurden schon mal zusammengefasst auf dieser Seite <a href="https://www.mehr-wissen.info/">Mehr Wissen</a> mit weiterführenden Artikeln und Vorträgen.</span></span></span></p>
</div>
<div id="magicdomid14" dir="ltr">
<p><span style="color: #485365;"><span style="font-family: Arial;"><span style="font-size: small;">Bitte meldet euch bei Christof Harnau bis zum 18.09.2023 an unter <a href="mailto:christof.harnau@ecogood.org">christof.harnau@ecogood.org</a>.</span></span></span></p>
</div>
<p><span style="font-family: Arial;"><span style="font-size: small;"><span style="color: #485365;">Der Zoom-Link wird den angemeldeten Teilnehmern zugesandt.</span></span></span></p>
<p><span style="font-family: Arial;"><span style="font-size: small;"><span style="color: #485365;">Herzliche Grüße</span></span></span></p>
<p><span style="font-family: Arial;"><span style="font-size: small;"><span style="color: #485365;">Bruno Rieser, Angela Imdahl, Bernd Fittkau, Bernhard Oberrauch und Christof Harnau</span></span></span></p>
